 -v + 3 + w = 0. Does 14 divide v?
False
Suppose 2*t + 3*s - 1124 = -3*t, 5*t - 3*s - 1106 = 0. Suppose 5*p + 5*l - t - 197 = 0, -5*p + l + 426 = 0. Suppose -5*c + p + 5 = 0. Is c a multiple of 9?
True
Is 4 a factor of -1*(-88 - 5*8/20)?
False
Let c(i) = -i**2 + 4*i. Let d be c(4). Suppose -4*k + 224 = -d*k. Does 15 divide k?
False
Suppose -2*g + 105 = 3*g - 5*x, 0 = -3*g + x + 71. Is 25 a factor of g?
True
Let o = 0 + 27. Let m = o + -6. Is m a multiple of 21?
True
Let f(l) = 29*l**3 + l**2 - 1. Let t be -2*(-4)/(-8)*-1. Is f(t) a multiple of 8?
False
Let k(i) be the second derivative of i**5/10 - i**4/12 - i**2 + 3*i. Is k(2) a multiple of 10?
True
Let i be -3 + -1 + 3 - -3. Suppose i*v - 14 = -j, -5*v + 5*j + 28 = 4*j. Is v even?
True
Let j = 97 - 25. Suppose 3*s - 5*u = -80, 3*u + 27 = -s + 5*u. Let l = s + j. Does 17 divide l?
False
Is 0 - (-36)/(-1)*-1 a multiple of 20?
False
Let n be (-4)/(2 + -2 + 1). Let i be -36*(35/n)/(-5). Is 14 a factor of (-1211)/i - (-4)/(-18)?
False
Let y(j) = -10*j. Let c(s) = s - 1. Let t(k) = -2*k + 3. Let f(g) = -3*c(g) - t(g). Let q(d) = -5*f(d) + y(d). Does 5 divide q(-2)?
True
Let f = -2 + 2. Let d = f + 2. Suppose -c - d*c + 18 = 0. Is 2 a factor of c?
True
Let q(a) = a**3 - 3*a**2 + 3*a. Let l be q(3). Let g = -7 + l. Suppose -b - 4*f = -9, -g*b - 4*f + 70 = -9*f. Does 16 divide b?
False
Let t be 4 + 5/((-15)/6). Suppose t*b - 35 = 3*r, -5*b + 7*r = 4*r - 83. Suppose 0 = -5*a - s + 9 + 40, -4*a + b = -5*s. Is a a multiple of 6?
False
Let k be ((-10)/4 - -3)*96. Suppose d - 2*d = -k. Suppose a - d = -a. Is 12 a factor of a?
True
Suppose 22*t - 1080 = 16*t. Is t a multiple of 18?
True
Let v(g) = 2*g**2 - 7*g - 3. Let l(o) = o**3 - o. Let n be l(2). Is 10 a factor of v(n)?
False
Suppose -3*a + 4*a - 4 = 0. Suppose a*v = 4*s + 444, s + 5 = -0*s. Is 6/27 + v/9 a multiple of 12?
True
Suppose 4*b = -b + 300. Let m(a) = -a**3 - 6*a**2 + 7*a + 4. Let d be m(-8). Suppose -d = -3*p - g, 3*p + g - 4*g - b = 0. Does 13 divide p?
False
Let l(a) = -a**3 - 5*a**2 - a + 5. Let s be l(-4). Let v be (-4)/14 - (-40)/s. Let b(q) = -q**3 - 6*q**2 - 4*q. Is b(v) a multiple of 12?
True
Let m = 124 - -67. Let u = m - 108. Is u a multiple of 22?
False
Suppose -5*r + 0 + 2 = 2*o, 4*r + 2*o - 2 = 0. Suppose 1 + r = b. Is 24 - b/((-1)/2) a multiple of 14?
False
Does 4 divide (-74)/(-9) + 30/(-135)?
True
Suppose 0 = -5*y, 4*u - y - 2*y = 232. Is u a multiple of 10?
False
Let p(k) = -8*k + 28. Is 4 a factor of p(0)?
True
Let z(s) = -5 - 2 - 1 + s**2 - 2*s - 2*s. Is z(8) a multiple of 12?
True
Let y(t) = t**2 + 19. Let m = 5 + -5. Let g be y(m). Let h = g - 11. Is h a multiple of 4?
True
Let k be (621/18)/(2/4). Let s = k + -4. Does 21 divide s?
False
Is -15*20/24*-8 a multiple of 10?
True
Suppose 84 = -4*j + 204. Is 5 a factor of j?
True
Suppose 3*g + 2*i = 3 + 335, -12 = -3*i. Is g a multiple of 11?
True
Suppose 63 = -3*x + 3*s, -3*s - 129 = 2*x + 3*x. Let z = x + 53. Is z a multiple of 15?
False
Suppose x - 4 = m, 3*m - 12 = -5*x - 0. Suppose 3*u - 17 = -4*d + 9*d, 0 = 4*d - x*u + 13. Is (10/d)/(1/(-2)) a multiple of 2?
False
Let b(p) = -9*p + 3. Let d(i) = -17*i + 7. Let g(n) = -5*b(n) + 2*d(n). Let o be g(1). Is 0 + 5/(o/4) a multiple of 2?
True
Let n(z) = -z**3 - 12*z**2 - z - 12. Let p be n(-12). Suppose -7 = -d - p. Is 3 a factor of d?
False
Let q(h) = -14*h - 2. Let d be q(2). Let p = d - -60. Does 9 divide p?
False
Let r = 76 - 16. Is r a multiple of 30?
True
Suppose -2*s = -x - 7, 5*s = -7*x + 3*x - 28. Suppose 5*j = -1344 - 791. Is 5 a factor of j/(-49) - 2/x?
False
Suppose -7*g = -2*g + 20, 0 = 2*d - 3*g - 264. Suppose -3*c + 4*s = 18 - d, 5*c + s = 203. Is 8 a factor of c?
True
Suppose 0*p = 5*p. Suppose p = n + 5, 3*t - 121 + 9 = 5*n. Is t a multiple of 8?
False
Suppose 0 = -4*z + 8*z - 32. Is z a multiple of 3?
False
Suppose 0 = -5*s - 3*u + 87 + 37, -5*s + 5*u = -100. Is 23 a factor of s?
True
Suppose -5*o + 1 = -s, 5*s + o + 92 = -3*o. Let d = 45 + s. Does 17 divide d?
False
Let y = 227 + -461. Is 10 a factor of y/(-24) - 2/(-8)?
True
Is (308/35)/((-1)/(-5)) a multiple of 11?
True
Let i = -21 - -31. Suppose 0*b = 2*b - i. Is b even?
False
Let h(l) = l**3 + 2*l**2 + 2*l + 2. Let a be h(-2). Is 15/(-9)*6/a a multiple of 3?
False
Let w(q) = -q**3 + 7*q**2. Let u be 2 - (-9)/((-27)/(-6)). Does 12 divide w(u)?
True
Suppose 3*z - 12 = 0, -2*v - 4 = 2*z - 22. Does 10 divide 2/v - (-654)/15?
False
Is (-4763)/(-22) + (-2)/(-4) a multiple of 7?
True
Let s(u) = 31*u - 2. Let q be s(3). Let m = q - 59. Is m a multiple of 22?
False
Does 10 divide 13/(195/216) - (-2)/(-5)?
False
Does 16 divide (-7 - -6) + 1*(80 - -1)?
True
Suppose 3*d + 5 = 4*o + 19, -2*d + 4 = 0. Does 4 divide o*1/(8/(-44))?
False
Let m be (-591)/(-15) - 2/5. Suppose x - 7 = 3*l, 32 = 3*x + l - m. Is x a multiple of 22?
True
Is 10 a factor of 10/((-2 - 0)/(-6))?
True
Suppose 7*o - 129 = 571. Is 13 a factor of o?
False
Suppose 3*l + 2*l - 15 = 0. Is l a multiple of 3?
True
Suppose 5*r - 5*b - 615 = 0, 0 = -3*r - b + 3*b + 369. Is 9 a factor of r?
False
Suppose 4*l - 22 + 90 = -2*i, 0 = -4*i - 2*l - 124. Let s = i + 60. Is s a multiple of 10?
True
Let x be 8/16*(0 - -2). Let m be (1 + x - -1)/1. Is m/2*70/15 a multiple of 5?
False
Let r(v) be the third derivative of v**7/2520 - v**6/360 - v**5/24 - v**4/24 + 2*v**2. Let d(z) be the second derivative of r(z). Is d(-4) a multiple of 11?
False
Suppose 11 + 7 = -3*n. Let h be (n/(-9) - 0)*6. Suppose 0*v - 3*v = h*j - 63, j = -3*v + 54. Is 17 a factor of v?
True
Suppose -191 = -3*y + 3*p + 61, 5*p = 4*y - 340. Is y a multiple of 5?
True
Let j be 8*(-5)/((-60)/141). Is 3 a factor of (-4)/10 - j/(-10)?
True
Let n = 22 - -22. Does 11 divide n?
True
Suppose -80 = -3*a - 2*a. Suppose -a = -4*p, -5*p = -f + 2 + 8. Is 15 a factor of f?
True
Does 14 divide (-6)/(((-27)/(-28))/(-9))?
True
Let j = -5 + 10. Suppose -v - 4 = -j*v. Let t(u) = 51*u**2 - u. Is 25 a factor of t(v)?
True
Suppose -78 + 26 = -y + h, 0 = -4*y + h + 205. Is 7 a factor of y?
False
Let c(m) = 6*m**3 - 4*m**2 + 4*m - 2. Suppose 2*j + 0 - 4 = 0. Let s be c(j). Let k = s - 20. Is k a multiple of 6?
True
Let t = 74 + -32. Does 14 divide t?
True
Let v(c) be the third derivative of 65*c**4/24 - c**3/6 + 3*c**2. Let j be v(1). Let k = j + -43. Is k a multiple of 7?
True
Suppose 5*p - b + 20 = -6*b, 0 = -3*p + b - 4. Is 13 a factor of 0*p/(-4) + 33?
False
Suppose 3*f - 256 = -f. Is 16 a factor of f?
True
Let u = 10 + -7. Suppose -p = 4*q - 43, -3*q - 3*p - u = -2*q. Suppose v - 15 - q = 0. Is v a multiple of 17?
False
Let k(v) = -2*v - 7. Let o be k(-6). Let m = o + 10. Does 10 divide m?
False
Let t(k) = -55*k**3 + k**2. Let g be t(-1). Let q = g - 28. Is 14 a factor of q?
True
Suppose -2*w - 7 - 1 = 0. Let a = -2 - w. Suppose u - 5*u + 5*r = -152, 0 = a*r. Does 13 divide u?
False
Let r(w) = -w**3 - 8*w**2 + 10*w + 11. Let c be r(-9). Suppose 0 = 2*h, -3*o - c*h + 15 = -0*h. Suppose o*l - 4 = 4*l. Is l even?
True
Let h = 5 - 10. Let c = -2 - h. Suppose 2*j + 136 = 5*v + c*j, 5*j - 8 = -v. Is v a multiple of 11?
False
Let u = 11 - 8. Suppose -7*i + u*i = 12, 3*i = -3*r + 3. Suppose 0 = s + p - 12, 3*s - 21 = 2*s - r*p. Is s a multiple of 4?
False
Let v be ((-4)/6)/(2/(-6)). Suppose 0*c = v*c - 36. Is 14 a factor of c?
False
Suppose 5*k - 123 = 167. Let m = k - 20. Does 15 divide m?
False
Let m be (-15)/25 + (-18)/(-5). Suppose -21 - m = -s. Is 9 a factor of s?
False
Suppose -d - 24 + 100 = 0. Is 13 a factor of d?
False
Suppose 3*k = 2 + 61. Does 7 divide k?
True
Suppose 0 = -2*h - 3*h. Let c = 13 - h. Suppose -c + 45 = 4*w. Is w a multiple of 8?
True
Let i = -75 - -187. Let j = -1 - -3. Suppose j*q - i = -2*q. Is 11 a factor of q?
False
Let s(k) = 2*k - 3. Let i be s(-7). Let c = 13 + -23. Let j = c - i. Is j a multiple of 6?
False
Suppose -2*k = 23 + 23. Let b = -14 - k. Is b a multiple of 9?
True
Let h = -82 + 43. Let m = h - -62. Let v = 0 + m. Does 14 divide v?
False
Let n(q) = q**3 + 11*q**2 - 6*q - 15. Is n(-11) a multiple of 7?
False
Let r = 13 - -54. Suppose -4*i + 0*n = n - 55, 5*n = -4*i + r. Suppose -w + 2*t + 1 = 2, 0 = -2*w - t + i. Is w a multiple of 5?
True
Let a be 5 - -3*(0 + -1). Let u(p) = 6*p**2 + 2*p - 1. Is 9 a factor of u(a)?
True
Suppose 